inder when 2880 is divided by 93?
90
Calculate the remainder when 135 is divided by 49.
37
What is the remainder when 444 is divided by 43?
14
Calculate the remainder when 469 is divided by 28.
21
What is the remainder when 95 is divided by 32?
31
Calculate the remainder when 6201 is divided by 19.
7
Calculate the remainder when 126 is divided by 69.
57
Calculate the remainder when 1386 is divided by 649.
88
Calculate the remainder when 63 is divided by 1.
0
What is the remainder when 125 is divided by 68?
57
What is the remainder when 166 is divided by 83?
0
What is the remainder when 185 is divided by 36?
5
Calculate the remainder when 23 is divided by 15.
8
Calculate the remainder when 251 is divided by 75.
26
What is the remainder when 746 is divided by 151?
142
Calculate the remainder when 1373 is divided by 15.
8
Calculate the remainder when 581 is divided by 13.
9
Calculate the remainder when 600 is divided by 197.
9
Calculate the remainder when 58 is divided by 8.
2
Calculate the remainder when 1814 is divided by 114.
104
What is the remainder when 662 is divided by 74?
70
Calculate the remainder when 812 is divided by 75.
62
Calculate the remainder when 1744 is divided by 275.
94
Calculate the remainder when 2615 is divided by 119.
116
What is the remainder when 49 is divided by 16?
1
Calculate the remainder when 191 is divided by 53.
32
Calculate the remainder when 726 is divided by 228.
42
Calculate the remainder when 292 is divided by 78.
58
Calculate the remainder when 249 is divided by 56.
25
What is the remainder when 387 is divided by 81?
63
What is the remainder when 88 is divided by 26?
10
Calculate the remainder when 554 is divided by 9.
5
Calculate the remainder when 1151 is divided by 22.
7
Calculate the remainder when 398 is divided by 130.
8
What is the remainder when 685 is divided by 43?
40
Calculate the remainder when 81 is divided by 30.
21
What is the remainder when 11393 is divided by 37?
34
Calculate the remainder when 199 is divided by 25.
24
Calculate the remainder when 2462 is divided by 222.
20
What is the remainder when 538 is divided by 18?
16
What is the remainder when 27 is divided by 13?
1
What is the remainder when 308 is divided by 35?
28
What is the remainder when 554 is divided by 4?
2
Calculate the remainder when 409 is divided by 19.
10
Calculate the remainder when 477 is divided by 96.
93
Calculate the remainder when 51 is divided by 9.
6
What is the remainder when 132 is divided by 35?
27
Calculate the remainder when 9267 is divided by 90.
87
Calculate the remainder when 991 is divided by 169.
146
Calculate the remainder when 553 is divided by 208.
137
Calculate the remainder when 3091 is divided by 26.
23
Calculate the remainder when 4481 is divided by 187.
180
Calculate the remainder when 358 is divided by 144.
70
What is the remainder when 160 is divided by 7?
6
What is the remainder when 1509 is divided by 7?
4
Calculate the remainder when 97 is divided by 25.
22
What is the remainder when 288 is divided by 16?
0
What is the remainder when 67 is divided by 11?
1
Calculate the remainder when 232 is divided by 76.
4
What is the remainder when 2444 is divided by 43?
36
Calculate the remainder when 24 is divided by 10.
4
What is the remainder when 1361 is divided by 451?
8
Calculate the remainder when 234 is divided by 234.
0
Calculate the remainder when 1288 is divided by 38.
34
What is the remainder when 7240 is divided by 102?
100
Calculate the remainder when 229 is divided by 227.
2
Calculate the remainder when 726 is divided by 9.
6
What is the remainder when 223 is divided by 14?
13
Calculate the remainder when 688 is divided by 41.
32
What is the remainder when 246 is divided by 63?
57
Calculate the remainder when 85 is divided by 34.
17
What is the remainder when 2186 is divided by 706?
68
Calculate the remainder when 21151 is divided by 32.
31
What is the remainder when 267 is divided by 85?
12
Calculate the remainder when 572 is divided by 47.
8
What is the remainder when 33 is divided by 6?
3
What is the remainder when 316 is divided by 43?
15
Calculate the remainder when 357 is divided by 10.
7
Calculate the remainder when 446 is divided by 8.
6
What is the remainder when 700 is divided by 27?
25
What is the remainder when 24214 is divided by 61?
58
Calculate the remainder when 1061 is divided by 13.
8
What is the remainder when 2631 is divided by 94?
93
Calculate the remainder when 672 is divided by 143.
100
Calculate the remainder when 506 is divided by 73.
68
Calculate the remainder when 161 is divided by 56.
49
Calculate the remainder when 2608 is divided by 43.
28
Calculate the remainder when 1570 is divided by 76.
50
What is the remainder when 6414 is divided by 2133?
15
Calculate the remainder when 1510 is divided by 167.
7
Calculate the remainder when 3700 is divided by 206.
198
Calculate the remainder when 676 is divided by 30.
16
Calculate the remainder when 826 is divided by 46.
44
Calculate the remainder when 2421 is divided by 12.
9
Calculate the remainder when 714 is divided by 342.
30
Calculate the remainder when 29 is divided by 28.
1
Calculate the remainder when 2082 is divided by 403.
67
Calculate the remainder when 7 is divided by 1.
0
Calculate the remainder when 118 is divided by 15.
13
Calculate the remainder when 339 is divided by 33.
9
Calculate the remainder when 1144 is divided by 75.
19
What is the remainder when 204 is divided by 54?
42
What is the remainder when 1290 is divided by 316?
26
What is the remainder when 496 is divided by 34?
20
Calculate the remainder when 239 is divided by 20.
19
What is the remainder when 1445 is divided by 23?
19
What is the remainder when 3964 is divided by 117?
103
What is the remainder when 3007 is divided by 17?
15
Calculate the remainder when 233 is divided by 79.
75
What is the remainder when 191 is divided by 25?
16
What is the remainder when 3006 is divided by 51?
48
Calculate the remainder when 529 is divided by 86.
13
What is the remainder when 65 is divided by 18?
11
What is the remainder when 32397 is divided by 81?
78
What is the remainder when 358 is divided by 10?
8
What is the remainder when 3175 is divided by 4?
3
What is the remainder when 139 is divided by 47?
45
What is the remainder when 147 is divided by 52?
43
Calculate the remainder when 572 is divided by 149.
125
Calculate the remainder when 406 is divided by 273.
133
What is the remainder when 643 is divided by 304?
35
Calculate the remainder when 5496 is divided by 9.
6
Calculate the remainder when 2098 is divided by 15.
13
Calculate the remainder when 666 is divided by 29.
28
What is the remainder when 453 is divided by 91?
89
Calculate the remainder when 294 is divided by 51.
39
What is the remainder when 447 is divided by 41?
37
What is the remainder when 379 is divided by 67?
44
What is the remainder when 318 is divided by 138?
42
Calculate the remainder when 1180 is divided by 11.
3
Calculate the remainder when 422 is divided by 85.
82
Calculate the remainder when 66 is divided by 23.
20
Calculate the remainder when 168 is divided by 18.
6
What is the remainder when 846 is divided by 831?
15
Calculate the remainder when 211 is divided by 44.
35
Calculate the remainder when 540 is divided by 190.
160
What is the remainder when 80 is divided by 53?
27
Calculate the remainder when 1466 is divided by 93.
71
Calculate the remainder when 712 is divided by 80.
72
Calculate the remainder when 216 is divided by 10.
6
What is the remainder when 1169 is divided by 78?
77
Calculate the remainder when 7197 is divided by 36.
33
What is the remainder when 52919 is divided by 252?
251
Calculate the remainder when 104 is divided by 13.
0
What is the remainder when 1358 is divided by 80?
78
What is the remainder when 35 is divided by 26?
9
Calculate the remainder when 322 is divided by 94.
40
Calculate the remainder when 988 is divided by 334.
320
What is the remainder when 1158 is divided by 116?
114
What is the remainder when 228 is divided by 41?
23
What is the remainder when 29809 is divided by 29?
26
Calculate the remainder when 1939 is divided by 29.
25
What is the remainder when 8426 is divided by 86?
84
Calculate the remainder when 440 is divided by